the remainder when 597 is divided by 296.
5
What is the remainder when 27 is divided by 6?
3
What is the remainder when 1618 is divided by 1614?
4
What is the remainder when 232 is divided by 9?
7
Calculate the remainder when 1544 is divided by 17.
14
Calculate the remainder when 31 is divided by 23.
8
What is the remainder when 103 is divided by 5?
3
Calculate the remainder when 234 is divided by 40.
34
What is the remainder when 127 is divided by 34?
25
What is the remainder when 45 is divided by 23?
22
Calculate the remainder when 913 is divided by 115.
108
Calculate the remainder when 49 is divided by 27.
22
Calculate the remainder when 208 is divided by 45.
28
Calculate the remainder when 174 is divided by 20.
14
Calculate the remainder when 823 is divided by 38.
25
What is the remainder when 582 is divided by 65?
62
What is the remainder when 20 is divided by 16?
4
Calculate the remainder when 461 is divided by 71.
35
What is the remainder when 247 is divided by 127?
120
Calculate the remainder when 454 is divided by 375.
79
Calculate the remainder when 6802 is divided by 126.
124
What is the remainder when 592 is divided by 7?
4
Calculate the remainder when 305 is divided by 4.
1
What is the remainder when 582 is divided by 93?
24
What is the remainder when 1609 is divided by 10?
9
What is the remainder when 13299 is divided by 266?
265
What is the remainder when 2674 is divided by 64?
50
Calculate the remainder when 20299 is divided by 116.
115
Calculate the remainder when 1021 is divided by 33.
31
Calculate the remainder when 132 is divided by 37.
21
What is the remainder when 52 is divided by 8?
4
Calculate the remainder when 344 is divided by 40.
24
Calculate the remainder when 8351 is divided by 36.
35
Calculate the remainder when 1487 is divided by 93.
92
What is the remainder when 21353 is divided by 6?
5
What is the remainder when 2847 is divided by 4?
3
Calculate the remainder when 444 is divided by 64.
60
Calculate the remainder when 5979 is divided by 1992.
3
What is the remainder when 57 is divided by 34?
23
Calculate the remainder when 174 is divided by 43.
2
What is the remainder when 14187 is divided by 7?
5
Calculate the remainder when 2503 is divided by 276.
19
What is the remainder when 8507 is divided by 10?
7
What is the remainder when 620 is divided by 125?
120
Calculate the remainder when 81 is divided by 19.
5
What is the remainder when 184 is divided by 31?
29
What is the remainder when 546 is divided by 322?
224
Calculate the remainder when 170 is divided by 79.
12
What is the remainder when 1022 is divided by 33?
32
Calculate the remainder when 921 is divided by 21.
18
What is the remainder when 329 is divided by 10?
9
Calculate the remainder when 7083 is divided by 50.
33
Calculate the remainder when 389 is divided by 23.
21
Calculate the remainder when 259 is divided by 17.
4
What is the remainder when 1734 is divided by 62?
60
What is the remainder when 57 is divided by 41?
16
What is the remainder when 1312 is divided by 28?
24
Calculate the remainder when 21 is divided by 10.
1
Calculate the remainder when 192 is divided by 100.
92
What is the remainder when 307 is divided by 16?
3
What is the remainder when 653 is divided by 334?
319
What is the remainder when 143 is divided by 75?
68
Calculate the remainder when 1070 is divided by 406.
258
What is the remainder when 1212 is divided by 94?
84
Calculate the remainder when 67 is divided by 14.
11
Calculate the remainder when 1000 is divided by 17.
14
Calculate the remainder when 508 is divided by 16.
12
What is the remainder when 507 is divided by 45?
12
Calculate the remainder when 91 is divided by 23.
22
Calculate the remainder when 6424 is divided by 21.
19
What is the remainder when 156 is divided by 37?
8
What is the remainder when 15897 is divided by 12?
9
What is the remainder when 431 is divided by 24?
23
What is the remainder when 30 is divided by 8?
6
What is the remainder when 2175 is divided by 90?
15
What is the remainder when 525 is divided by 183?
159
Calculate the remainder when 1688 is divided by 13.
11
Calculate the remainder when 976 is divided by 29.
19
What is the remainder when 794 is divided by 265?
264
What is the remainder when 290 is divided by 19?
5
Calculate the remainder when 1840 is divided by 84.
76
What is the remainder when 840 is divided by 145?
115
Calculate the remainder when 51 is divided by 9.
6
Calculate the remainder when 1583 is divided by 4.
3
Calculate the remainder when 798 is divided by 115.
108
Calculate the remainder when 166 is divided by 129.
37
Calculate the remainder when 3153 is divided by 240.
33
What is the remainder when 555 is divided by 62?
59
What is the remainder when 571 is divided by 13?
12
Calculate the remainder when 590 is divided by 419.
171
Calculate the remainder when 109 is divided by 49.
11
What is the remainder when 77 is divided by 22?
11
Calculate the remainder when 1184 is divided by 44.
40
Calculate the remainder when 480 is divided by 44.
40
Calculate the remainder when 1241 is divided by 11.
9
What is the remainder when 183 is divided by 177?
6
Calculate the remainder when 984 is divided by 21.
18
What is the remainder when 962 is divided by 318?
8
Calculate the remainder when 37 is divided by 36.
1
Calculate the remainder when 482 is divided by 226.
30
What is the remainder when 87 is divided by 22?
21
Calculate the remainder when 79 is divided by 19.
3
What is the remainder when 611 is divided by 151?
7
What is the remainder when 47 is divided by 6?
5
Calculate the remainder when 370 is divided by 95.
85
What is the remainder when 6343 is divided by 8?
7
What is the remainder when 59 is divided by 46?
13
What is the remainder when 803 is divided by 374?
55
What is the remainder when 697 is divided by 228?
13
What is the remainder when 904 is divided by 175?
29
Calculate the remainder when 20239 is divided by 58.
55
What is the remainder when 248 is divided by 9?
5
Calculate the remainder when 53 is divided by 25.
3
What is the remainder when 975 is divided by 46?
9
What is the remainder when 55 is divided by 31?
24
Calculate the remainder when 465 is divided by 26.
23
What is the remainder when 253 is divided by 81?
10
What is the remainder when 4253 is divided by 115?
113
Calculate the remainder when 330 is divided by 314.
16
What is the remainder when 4128 is divided by 118?
116
What is the remainder when 573 is divided by 12?
9
Calculate the remainder when 143 is divided by 10.
3
Calculate the remainder when 404 is divided by 9.
8
Calculate the remainder when 132 is divided by 31.
8
Calculate the remainder when 60 is divided by 18.
6
What is the remainder when 7 is divided by 4?
3
What is the remainder when 43 is divided by 12?
7
What is the remainder when 611 is divided by 12?
11
What is the remainder when 615 is divided by 39?
30
What is the remainder when 317 is divided by 152?
13
What is the remainder when 2711 is divided by 1332?
47
What is the remainder when 1339 is divided by 49?
16
What is the remainder when 22 is divided by 8?
6
Calculate the remainder when 454 is divided by 8.
6
What is the remainder when 447 is divided by 175?
97
Calculate the remainder when 95 is divided by 33.
29
Calculate the remainder when 515 is divided by 129.
128
Calculate the remainder when 263 is divided by 1.
0
Calculate the remainder when 7379 is divided by 12.
11
Calculate the remainder when 4933 is divided by 105.
103
What is the remainder when 629 is divided by 73?
45
Calculate the remainder when 68 is divided by 49.
19
Calculate the remainder when 70 is divided by 6.
4
Calculate the remainder when 834 is divided by 11.
9
What is the remainder when 281 is divided by 128?
25
What is the remainder when 38 is divided by 9?
2
Calculate the remainder when 1477 is divided by 657.
163
What is the remainder when 86006 is divided by 104?
102
What is the remainder when 691 is divided by 24?
19
Calculate the remainder when 88 is divided by 81.
7
What is the remainder when 605 is divided by 76?
73
Calculate the remainder when 277 is divided by 33.
13
Calculate the remainder when 1585 is divided by 8.
1
Calculate the remainder when 834 is divided by 15.
9
Calculate the remainder when 350 is div